0 = -p + x*p. Suppose -2*i = -p*i - 36. What is the highest common factor of i and 6?
6
Suppose -7*q + 3*q + 3*s = -593, -4*s - 740 = -5*q. Calculate the greatest common divisor of 76 and q.
76
Let u(q) = -q**2 + 18*q - 12. Let j be u(6). What is the highest common divisor of j and 50?
10
Suppose 3*x - 2*x = 2*n + 8, 2*x = 5*n + 19. Let d(u) = -u**3 - u**2 + u + 1. Let r be d(n). Calculate the greatest common divisor of 4 and r.
4
Suppose 1817*i = 1814*i + 48. What is the greatest common factor of i and 808?
8
Let b(y) = 367*y**2 - 2*y - 1. Let o be b(-1). Suppose -p - 56 = -o. What is the highest common factor of p and 39?
39
Suppose -422 = -7*l + 1090. Suppose 0 = -3*i + 25 - 7. Let s = i - -18. Calculate the highest common divisor of l and s.
24
Suppose 0 = 4*l - 13 - 7. Suppose -l*i - 4*f + 14 = 0, 4*f + 0 = 3*i - 2. Calculate the highest common divisor of 2 and i.
2
Let p(d) = -3*d - 6. Let t be p(4). Let j be ((-585)/10)/((t/8)/3). Calculate the greatest common divisor of 26 and j.
26
Suppose -4*w = -5*n - 109, 3*w + 2*n - 86 = 13. Suppose -12*a + 522 = 150. What is the greatest common factor of w and a?
31
Suppose -4*s - 28 = -6*s - 4*k, -s + 17 = k. Let g(b) = -3*b**3 - 8*b**2 - 10*b + 1. Let j be g(-3). Calculate the greatest common divisor of j and s.
20
Let o = 26 + -23. Let n be o/(-6)*4 - -26. Let c be 5*(-2 + -6)*-3. What is the greatest common factor of n and c?
24
Suppose -84 = -94*x + 87*x. Calculate the greatest common factor of 204 and x.
12
Let g(n) = 6*n + 226. Let o be g(-34). Calculate the greatest common factor of 33 and o.
11
Suppose -4*o + 140 = 5*l, -2*l = -4*l + 3*o + 79. What is the highest common divisor of 112 and l?
16
Let m(s) = 2*s**3 - 20*s**2 + 22*s - 4. Let i be m(10). Let h = 9 + 18. What is the greatest common divisor of i and h?
27
Let v be -3 - -2*(13 - 3). What is the greatest common divisor of 731 and v?
17
Let f be 28 + ((-11)/11 - 7). What is the greatest common factor of 155 and f?
5
Let x be ((-284)/6)/(2/(-9)). Let m = x + -144. Suppose -123 = -5*q - 2*g, 0*q = q + 2*g - 31. What is the highest common divisor of m and q?
23
Let a(t) = 3*t**2 - 46*t + 143. Let b be a(3). Let l(h) = -h + 5. Let w be l(-11). What is the highest common divisor of b and w?
16
Suppose -u = 3*u - 96. Suppose 0 = 2*g + 4*g - 48. Calculate the highest common divisor of u and g.
8
Let v be (6/(-8))/(17/(-68)). Suppose v*g = t - 0*t + 296, -g + 3*t + 88 = 0. Suppose -790 = -3*o - g. Calculate the greatest common factor of 23 and o.
23
Let s = -218 + 403. What is the highest common divisor of s and 15?
5
Let l be (0 - 3)/3*6. Let q = l - -6. Let f be (-1 - q) + (-2 - -17). Calculate the greatest common divisor of f and 14.
14
Suppose h = -330 + 344. What is the greatest common divisor of 399 and h?
7
Suppose -816 - 328 = 4*l. Let s = l + 603. Let y = -222 + s. Calculate the greatest common divisor of y and 19.
19
Let w = 2263 - 1995. Calculate the greatest common factor of w and 4.
4
Suppose 0 = -31*h + 5*h + 9126. Calculate the greatest common divisor of h and 13.
13
Suppose -269 = -10*c + 1941. Calculate the highest common divisor of 17 and c.
17
Let t(p) = -49*p - 132. Let y be t(-4). What is the greatest common factor of y and 2?
2
Let z(w) = -w**2 + 8*w + 13. Let t be z(10). Let l = t + 28. Let v = 105 - l. Calculate the highest common divisor of 21 and v.
21
Suppose -6*q = -4*q - 144. Let u be ((-1)/3)/(2/(-24)). Suppose u*v + v = 45. Calculate the highest common factor of q and v.
9
Let a be 10/45 - 136/(-36). Suppose 2*p + 58 = a*m, -4*m - 2*p = -0*p - 78. What is the greatest common factor of 153 and m?
17
Let u = -1772 + 1778. Calculate the greatest common divisor of u and 74.
2
Let k(v) = v + 9. Let d be k(-7). Let m be 4*d/4 - 0. Suppose -8 = -5*o + 12, -x - m*o = -80. What is the highest common divisor of 18 and x?
18
Let y be (-15)/(-1) + (2 - 1/1). Suppose -3*h + 0*q + 2*q = -y, -4*q = 3*h + 14. What is the highest common factor of h and 5?
1
Suppose 19*z + 36 = 23*z. Suppose -3*s + 228 = -15. What is the highest common factor of s and z?
9
Suppose 5*q = -5*l + 463 + 732, 0 = q - 3*l - 255. Let y be q + -2 + 5 - -2. Calculate the greatest common factor of 31 and y.
31
Let v = 39 + -18. Let r be (-284)/(-14) - 6/v. Let f = 53 - r. Calculate the highest common divisor of f and 3.
3
Suppose 5*i - 88 = -q + 2*i, 414 = 5*q + 2*i. Let z be q/2 - 1 - 4. Calculate the highest common factor of z and 9.
9
Let s = -327 - -345. What is the highest common divisor of s and 144?
18
Suppose -i - t = -0*t - 323, 2*t - 967 = -3*i. Let o = -217 + i. What is the greatest common divisor of 8 and o?
8
Let g(n) = -n**2 + n + 8. Let a be g(-4). Let d be ((-285)/(-21) - a/28) + 0. Calculate the greatest common factor of 154 and d.
14
Suppose 0 = 3*b - 9, 5*l + 2*b - 7*b = -865. Let h(q) = 2*q**2 + 10*q + 2. Let x be h(9). Let z = x + l. What is the greatest common factor of z and 28?
28
Suppose -5*j + 21 + 9 = 0. Let n(w) = 5*w - 22. Let m be n(j). Let q = -1 + m. What is the greatest common factor of q and 56?
7
Suppose -4*d - 4 = -16. Suppose 306 = -3*o + 312. Suppose -4*v = z + 10, d*z - o*v = 4*z. What is the greatest common divisor of z and 110?
10
Suppose 2*m + 92 = 6*m. Let s = m - 14. Let c = -153 + 162. What is the highest common factor of s and c?
9
Let f be -12 + (-336)/(-21) + 3*3. Suppose 2*z - 4*i + 11 = -1, 0 = 5*i - 15. Let a(w) = w + 65. Let s be a(z). Calculate the greatest common factor of f and s.
13
Let n(h) = -214*h + 13. Let o be n(-6). Suppose -5*y = -o + 317. What is the greatest common factor of y and 28?
28
Let z be ((-2 - -5) + -3)/1. Suppose -4*j - y - 225 = 0, 5 = -y - z*y. Let r = 100 + j. What is the greatest common divisor of r and 9?
9
Let o = 1151 - 1095. Calculate the greatest common divisor of o and 196.
28
Suppose -3*q - 21 = -51. Suppose 0 = q*p - 23 + 3. Calculate the greatest common factor of 3 and p.
1
Let x be (-8)/(-20) + (-115)/(-25). Suppose 0 = -2*o - 3*p + 45, x*o - 2*o = 5*p + 96. Calculate the greatest common divisor of 9 and o.
9
Let p be (-2)/(-1) - (-17 - -16). Suppose 0 = p*v - 0 - 21. Suppose v*q - 134 - 76 = 0. Calculate the highest common divisor of q and 6.
6
Let s be ((-64)/12)/2*-3. What is the greatest common factor of s and 22?
2
Suppose 2*n - 4 = n + z, -3 = 3*z. What is the greatest common divisor of 21 and n?
3
Suppose 6*j = -j + 70. Let c(u) be the third derivative of u**4/24 - 4*u**3/3 + u**2. Let a be c(j). What is the greatest common factor of 8 and a?
2
Let h = 84 + 60. What is the highest common divisor of 108 and h?
36
Let a = 489 - 486. Calculate the greatest common factor of a and 411.
3
Let b be (2535/(-130))/(3/(-6) + 0). Calculate the greatest common divisor of 91 and b.
13
Let k(i) = 2*i**2 + 9*i - 347. Let w(b) = -3*b**2 - 14*b + 521. Let d(o) = -8*k(o) - 5*w(o). Let z be d(0). What is the greatest common divisor of 19 and z?
19
Let h be (-11248)/(-104) - 4/26. Calculate the greatest common factor of 4 and h.
4
Let x be (0/(-2))/(16 + -17) + 1. Let c(p) = 37*p - 3. Let y be c(x). Calculate the greatest common factor of 17 and y.
17
Let q be (15/(-20))/((-10)/8 + 1). Suppose -20 = -4*m - q*d, -d + 0 + 4 = m. What is the greatest common divisor of m and 8?
8
Let i = 63 - 23. Suppose -66*k = -60*k - 30. Calculate the highest common factor of i and k.
5
Suppose t + 13 = -4*c, 0 = -t - 2*c - 5. Let w = t + 0. What is the highest common factor of 21 and w?
3
Suppose 4*s = 5*s - 103. Suppose 3*m + 2*k = 95, 3*m + 0*m - 2*k = s. What is the greatest common divisor of 22 and m?
11
Let d(l) = l**2 + 0*l - 10 + 0*l - 10*l + 2*l. Let q be d(10). Let c = 2 + q. Calculate the highest common divisor of 24 and c.
12
Suppose 10*q = -0*q - 2610. Let g be (10/(-15))/(6/q). Let z be (-29)/(10/6 + -2). Calculate the greatest common factor of g and z.
29
Suppose -9*j + 10*j - 3 = 0. What is the greatest common divisor of 11 and j?
1
Let o = -31 - -63. What is the highest common divisor of o and 256?
32
Let n(d) = d**3 - 14*d**2 + d - 10. Let z be n(14). Suppose -x + 8 - z = 0. Suppose -v + 0*v = -36. What is the greatest common divisor of v and x?
4
Let f = 390 + -745. Let s = f + 724. What is the highest common factor of 41 and s?
41
Suppose 0 = -4*c + 4, 0*c + c = 2*t - 7